 - 170
-74
What is the value of 10 + ((-8 - 5) + 3 - (-30 - (5 - 13)))?
22
5 + -5 + (-5 - 3) + 24 + -97
-81
Evaluate 29 - (80 - (50 - -18)).
17
What is 12 + 0 + -6 + (-2 - -4) - (-1 + 1)?
8
1 + (5 + -8 - 10) + (-4 - -5)
-11
Calculate -11 - (8 - 1) - (-47 - -30).
-1
What is (3 - -9) + 0 + (-19 - (-9 - -11)) + -5?
-14
What is the value of -8 - ((11 - (9 + 45)) + (-15 - -24))?
26
What is -16 - (-29 + (26 - 12) + 43)?
-44
-3 + 6 + -3 - (-105 + -42 + 135)
12
Calculate -2 + 25 - (-465 + 478) - 1.
9
Evaluate (5 - (-13 + 16)) + (46 - 59).
-11
What is -69 + (-4 - -14) - (11 - (-15 - -6))?
-79
What is the value of -6 + 2 - (47 + -90)?
39
1 - (12 + (-24 - -11) + -12) - 49
-35
Calculate 54 - (163 - (-44 - -162)).
9
What is 7 + -3 - (-101 + 8 + 8 + 1)?
88
What is 2 - 5 - ((-22 - 14) + 38 - (62 + -1))?
56
Calculate 8 - (145 + -59) - -77.
-1
What is the value of (-28 - (-24 - (6 - 29))) + 86?
59
Evaluate 9 + (10 - (-6 + 0)) + (4 - (-11 - -23)).
17
What is -2 + 55 + -4 + -5 + -4?
40
What is the value of (-719 - -705) + (5 - 1)?
-10
What is the value of 8 + -27 + -52 - (39 - 2)?
-108
What is 6 + (1 - -9 - (-10 + 0 + 45 + -6))?
-13
Evaluate -30 + (-18 + 43 - 1).
-6
Evaluate -27 + -23 - -19 - -28.
-3
What is (187 - 141) + (-18 - 0) + 0?
28
Calculate (-31 - -45 - 26) + -3 + 72.
57
2 + (43 - 16) - 17 - 16
-4
Calculate 275 + -311 + -1 + 157 + -10.
110
(-54 + 32 - -58 - 35) + (-2 - 24)
-25
Evaluate 0 - ((-6 - 1) + 3 + (-2 - 34)).
40
Evaluate -25 - (19 + -47 + 38).
-35
What is -4 + 7 + 23 + -11 + -60 + (0 - 0)?
-45
Evaluate -6 - -16 - (35 + -35 + 16).
-6
Calculate (45 - -4 - (185 + -108)) + -27.
-55
Calculate (-26 - -5) + 181 + -213 + -57 + 3.
-107
What is -1 - (8 - 4 - -4 - -8) - (4 - 8)?
-13
Calculate -1683 - -1698 - (1 + (-2 - 23)).
39
-88 - (-71 + -67) - (-16 + -2)
68
Calculate -91 + 123 + (-40 - 5) - (0 + 55 - -3).
-71
What is the value of -32 + (53 - 73) - 6?
-58
Evaluate 33 + -9 + -5 + -10 + 8 + (-1 - -19).
35
Evaluate -2 + (-2 - 32) - (18703 + -18760).
21
276 + -241 - (-23 - -41)
17
What is the value of -32 + 151 + -14 + -55?
50
-14 + -10 + 36 + 9
21
20 - (0 - 6 - (-98 + 77)) - 60
-55
Calculate 8 + -4 + -10 - (5 + -2).
-9
Evaluate 77 - (-7 + 191 - 25).
-82
Evaluate 49 + -31 + -56 + -13.
-51
What is -14 - (89 - 90 - 143)?
130
83 + (-2 - (-3 + 4)) + -9100 + 9093
73
What is 78 - 72 - (21 - 2 - 8) - (1 + -79)?
73
Evaluate -6 + 2 - (18 - (0 + 10) - (3 + -1)).
-10
What is 12 - (-10 + 15 - 18 - -12) - 23?
-10
Calculate (-324 - -368 - (2 - -11)) + 31.
62
Evaluate 209 + (-48 + 14 - 79).
96
What is the value of -5 - ((-38 - -63) + -21)?
-9
Calculate (-2 - 2) + -32 + -1889 + 1804.
-121
What is the value of 14 + (6 - (-2 + 17)) - -1 - 57?
-51
What is -69 - ((-27 - 46) + -53)?
57
What is the value of -1947 - -1867 - (-169 + 1)?
88
Calculate (-7 - (-35 - -6) - (7 + 1)) + -15 - 104.
-105
1 + 67 + (26 - -53) + -120
27
Calculate -19 + (27 - 24) + 52.
36
What is (-49 - 2) + -60 - -204?
93
What is the value of -2 - -21 - (56 + (-20 - -30))?
-47
-8 + 52 - (8 - (-24 + 17)) - 7
22
Evaluate -3 + (-33 - -46) + (-38 - 1).
-29
What is the value of -122 + 125 + 0 + (7 - 3 - -58)?
65
(-2 + 1 - (0 + (-1 - -1))) + -6181 + 6169
-13
Calculate -64 + -2 + 1 + 48.
-17
What is -5 + (-117 - -1 - (38 - 34) - (1 - -5))?
-131
Evaluate 82 + 40 + (-97 - (-9 - 20)).
54
What is the value of 15 + -18 + 93 + 12?
102
What is the value of 3 + (6 + -1 - (52 - (2 - -3 - 8)))?
-47
What is -51 + (-89 - -78 - (2 + -20)) - -7?
-37
What is the value of (-1 - 1) + -6 - (140 + 211 + -330)?
-29
What is -3 + 0 - (48 + -55 + 117)?
-113
What is 1 - -17 - (38 + -132 + 32 - -162)?
-82
What is 93 + -154 + (-7 - 2) + 56?
-14
What is (49 - -2) + 19 + 8 + 15?
93
What is the value of (23 - 2) + -2 + (-26 + (15 - -28) - 7)?
29
Calculate (-3 - (-2 - -7 - 9)) + -1 - -13.
13
1 + -10 - (7495 - 7549)
45
What is the value of 12 + (-9 - -8) + -4 + (-13 - -15)?
9
What is (-176 + 210 - (-2 - 1)) + -2 + 0 + 5?
40
Calculate -125 - (-67 - -102 - 218).
58
-9 - (9 + -13 + 15 + -12)
-8
Evaluate (6 - (8 + 29)) + 276 + -145.
100
Calculate -21 + (-2 - -8 - (92 + -72)) + 11.
-24
Calculate (2452 - 2362) + (3 - 73).
20
Calculate -1 + (33 - (3 + 3 + -14) - (0 + -5)).
45
2 + 8 + (16 + -4 + 4 - (-933 - -882))
77
What is 83 + -36 + -10 + -90?
-53
(-5 - 101) + (32 - (-9 - 4))
-61
What is 63 + -2 + -45 + 753 + -735?
34
What is 18 + 71 + 37 + -110?
16
What is -7 - (8 + 42 + -15)?
-42
-71 + -12 + 6 + (-461 - -480)
-58
What is (62 - 35) + -63 - -9?
-27
What is the value of 13 + (-23 - -18) + 17 + 0 + -7?
18
What is the value of -1 + (5 - (-16 + -3)) - (39 + (-80 - -40))?
24
What is 3 - -22 - (1455 - 1437) - (0 + 81)?
-74
40 - ((319 - 246) + (3 - -13))
-49
-182 - (-35 + -57 + -11)
-79
-4 - -13 - (-1 - -2 - -13 - -13)
-18
Evaluate (-13 + -11 - (6 - 7)) + 14.
-9
What is -8 + ((-18 - -14) + -9 - -8) + (15 - -3)?
5
Evaluate -2 - (43 + -35) - -13.
3
What is the value of 122 + -162 + 70 + 9?
39
108 + 1 - (-593 + 633 + -33 + 8 + -5)
99
-62 + 62 + -122 + 95
-27
-60 - (-34 + -3 - (-12 + -65))
-100
Calculate -2 + -20 + 25 + -1 + -3 - (57 - 98).
40
What is -2 - ((-66 - -31) + 28 - -2)?
3
Evaluate -9 - (-108 + 99 + 67).
-67
127 + 5 + -87 + 2
47
Calculate 142 - (38 - 10 - 18).
132
What is -25 + (-12 - (-13 - (-3 + 2 - 13)))?
-38
Calculate 2 - 8 - (7 - (-5 + 3) - (35 + 13)).
33
What is the value of 105 + -22 + -56 + 1?
28
What is (11 - (24 + 64 + -40)) + -22?
-59
13 + (-12 - -137) + 56 + (-24 - 23)
147
What is -22 + (-14 - 90) + 42?
-84
Evaluate 2422 - 2352 - (52 - -2).
16
Calculate 4 - (45 + -30 - 20).
9
37 - ((-14 - (9 - 14)) + 7 + 10)
29
102 - (48 + -100 + 222)
-68
Evaluate 57 - (17 + -25) - 3.
62
7 - (-2 + (10 - -58)) - (-1 - 0)
-58
Evaluate -5 - -5 - (-48 - (11 + -80)).
-21
Calculate (2 - -2) + 0 - (319 - 312) - 19.
-22
What is 5 + 6 + (2 - 4) - (28 + -21)?
2
Calculate 6 - -63 - (-2 + (1 - -9) + 19 + -31).
73
-203 + (107 - -132) - (1 + 9 + 1 + 0)
25
What is -4 - (5 + 0 + -7) - -3 - (-104 - -83)?
22
What is the value of (-35 - -26) + 122 + -56?
57
Evaluate -52 - (8 + (48 - 22 - 22 - (2 - -3))).
-59
What is the value of (5 - 55) + 156 + -143?
-37
Calculate -53 + 95 + 6 + (-5 - -3) + -8.
38
What is -10 + (20 - 20) + (3 - (3 + 3))?
-13
What is the value of (5 - 12) + (33 - 33) + (-9 - -6)?
-10
Evaluate -179 + 176 + (-1 - -1) + 1 + -14.
-16
22 - -5 - -4 - (-1 + 7 + (-9 - -12))
22
(4 - 43) + -20 + (-10 + 4 - -17)
-48
(-1 - 19) + -454 + 473 + -1 + -16
-18
What is the value of -18 - (98 + -118 - 65)?
67
Calculate 9 + (-1 + 3 - (767 - 771)).
15
Evaluate 256 - 269 - (-16 - 3).
6
Calculate -118 + (68 - 3) + -46.
-99
10 + 21 + (-14 - -40) + -32
25
What is the value of 29 - (-82 - (-88 - -11))?
34
What is -562 - -639 - (9 - 9)?
77
What is the value of -86 - (-5 + 3 + -6 + (-35 - -37))?
-80
-3 + 10 + (21 - 9 - (-5 + 15))
9
Evaluate (42 - 75 - -41) + 1 + (-1 - (1 + -21)).
28
Calculate -17 + -23 + (47 - 10) + 0 + 155 + -8.
144
What is the value of -1466 + 1461 - (0 + 1 - 3 - 50 - 2)?
49
20 - -42 - 132 - -56
-14
Calculate -38 + 10 + -16 + 26 + -11 + 4.
-25
(5 - -23) + -19 + (2 - 5)
6
36 + 5 + -243 + 195
-7
Evaluate 4 + 5 + -16 + -14 - 19.
-40
What is the value of -236 - -252 - ((-6 - -3) + (-1 - (-1 + -3)))?
16
Calculate (109 + -47 - 63) + (2 - ((1 - -3) + 12)).
-15
Evaluate -1977 + 1984 + -2 + (2 - 3 - 0).
4
(-20 - (-231 - -83)) + -58
70
118 + -11 + (-30 - -23) + -15
85
-13 - ((-13 - -20) + 1 + -31) - 62
-52
What is -26 + (6 - -7) + (-33 - (11 - -7))?
-64
What is the value of -74 + (-54 + 125 - -44)?
41
Evaluate 193 + -382 + 252 - (4 - 2 - 27).
88
-9 - -10 - ((-3 - -49) + -14 + -6 + 30)
-55
What is 16 + (-178 + 92 - -26)?
-44
-43 + 20 + 24 + -60 + (19 - 4)
-44
Calculate (0 - 105) + (-4487 - -4494).
-98
Evaluate -44 + 38 + 1 + (14 - 0) + -10 + 8.
7
What is 0 + 0 + -260 + 232 + 75?
47
53 + 3 + (49 - 49 - (12 + -2))
46
What is the value of -41 + 2 + (-13 - (-33 - (-7 + -32)))?
-58
What is the value of -1 + (-3 - (-30 + 20)) + 6 + -102?
-90
Evaluate -125 + 37 + 37 + 58.
7
What is 49 - (-102 + 56) - 180?
-85
What is the value of 5 + (-58 + 52 - (-1 - -38)) + -13?
-51
What is -56 + -41 + (-2 - 35) + 31?
-103
Evaluate 2 + -5 - (-38 - -21 - (-22 + -5)).
-13
Evaluate 245 + (-35 - 66) + -18.
126
What is the value of 15 - ((3 + -3 - 0) + 54)?
-39
Evaluate 4 - ((-5 - -3) + -28 - -57).
-23